{"id":1201,"date":"2022-07-19T09:50:56","date_gmt":"2022-07-19T09:50:56","guid":{"rendered":"https:\/\/sai-thai.de\/?page_id=1201"},"modified":"2025-08-31T17:47:15","modified_gmt":"2025-08-31T17:47:15","slug":"wochenkarte-duplicate-462","status":"publish","type":"page","link":"https:\/\/sai-thai.de\/?page_id=1201","title":{"rendered":"Catering"},"content":{"rendered":"\t\t<div data-elementor-type=\"wp-page\" data-elementor-id=\"1201\" class=\"elementor elementor-1201\" data-elementor-post-type=\"page\">\n\t\t\t\t\t\t<section class=\"elementor-section elementor-top-section elementor-element elementor-element-cf3b6b3 elementor-section-height-min-height elementor-section-boxed elementor-section-height-default elementor-section-items-middle\" data-id=\"cf3b6b3\" data-element_type=\"section\">\n\t\t\t\t\t\t<div class=\"elementor-container elementor-column-gap-default\">\n\t\t\t\t\t<div class=\"elementor-column elementor-col-100 elementor-top-column elementor-element elementor-element-b667e43\" data-id=\"b667e43\" data-element_type=\"column\">\n\t\t\t<div class=\"elementor-widget-wrap elementor-element-populated\">\n\t\t\t\t\t\t<section class=\"elementor-section elementor-inner-section elementor-element elementor-element-9845067 elementor-section-boxed elementor-section-height-default elementor-section-height-default\" data-id=\"9845067\" data-element_type=\"section\">\n\t\t\t\t\t\t<div class=\"elementor-container elementor-column-gap-default\">\n\t\t\t\t\t<div class=\"elementor-column elementor-col-50 elementor-inner-column elementor-element elementor-element-7b515a5\" data-id=\"7b515a5\" data-element_type=\"column\">\n\t\t\t<div class=\"elementor-widget-wrap elementor-element-populated\">\n\t\t\t\t\t\t<div class=\"elementor-element elementor-element-ab30079 elementor-headline--style-rotate elementor-widget elementor-widget-animated-headline\" data-id=\"ab30079\" data-element_type=\"widget\" data-settings=\"{&quot;headline_style&quot;:&quot;rotate&quot;,&quot;animation_type&quot;:&quot;swirl&quot;,&quot;rotating_text&quot;:&quot;GEBURTSTAGE\\nHOCHZEITEN\\nFIRMENFEIERN\\nEVENTS\\nGEBURTSTAGE\\nHOCHZEITEN\\nFIRMENFEIERN\\nEVENTS\\nGEBURTSTAGE\\nHOCHZEITEN\\nFIRMENFEIERN\\nEVENTS\\nGEBURTSTAGE\\nHOCHZEITEN\\nFIRMENFEIERN\\nEVENTS\\nGEBURTSTAGE\\nHOCHZEITEN\\nFIRMENFEIERN\\nEVENTS&quot;,&quot;loop&quot;:&quot;yes&quot;,&quot;rotate_iteration_delay&quot;:2500}\" data-widget_type=\"animated-headline.default\">\n\t\t\t\t<div class=\"elementor-widget-container\">\n\t\t\t\t\t\t\t<h3 class=\"elementor-headline elementor-headline-animation-type-swirl elementor-headline-letters\">\n\t\t\t\t\t<span class=\"elementor-headline-plain-text elementor-headline-text-wrapper\">EVENTCATERING<br>F\u00dcR <\/span>\n\t\t\t\t<span class=\"elementor-headline-dynamic-wrapper elementor-headline-text-wrapper\">\n\t\t\t\t\t<span class=\"elementor-headline-dynamic-text elementor-headline-text-active\">\n\t\t\t\tGEBURTSTAGE\t\t\t<\/span>\n\t\t\t\t\t<span class=\"elementor-headline-dynamic-text\">\n\t\t\t\tHOCHZEITEN\t\t\t<\/span>\n\t\t\t\t\t<span class=\"elementor-headline-dynamic-text\">\n\t\t\t\tFIRMENFEIERN\t\t\t<\/span>\n\t\t\t\t\t<span class=\"elementor-headline-dynamic-text\">\n\t\t\t\tEVENTS\t\t\t<\/span>\n\t\t\t\t\t<span class=\"elementor-headline-dynamic-text\">\n\t\t\t\tGEBURTSTAGE\t\t\t<\/span>\n\t\t\t\t\t<span class=\"elementor-headline-dynamic-text\">\n\t\t\t\tHOCHZEITEN\t\t\t<\/span>\n\t\t\t\t\t<span class=\"elementor-headline-dynamic-text\">\n\t\t\t\tFIRMENFEIERN\t\t\t<\/span>\n\t\t\t\t\t<span class=\"elementor-headline-dynamic-text\">\n\t\t\t\tEVENTS\t\t\t<\/span>\n\t\t\t\t\t<span class=\"elementor-headline-dynamic-text\">\n\t\t\t\tGEBURTSTAGE\t\t\t<\/span>\n\t\t\t\t\t<span class=\"elementor-headline-dynamic-text\">\n\t\t\t\tHOCHZEITEN\t\t\t<\/span>\n\t\t\t\t\t<span class=\"elementor-headline-dynamic-text\">\n\t\t\t\tFIRMENFEIERN\t\t\t<\/span>\n\t\t\t\t\t<span class=\"elementor-headline-dynamic-text\">\n\t\t\t\tEVENTS\t\t\t<\/span>\n\t\t\t\t\t<span class=\"elementor-headline-dynamic-text\">\n\t\t\t\tGEBURTSTAGE\t\t\t<\/span>\n\t\t\t\t\t<span class=\"elementor-headline-dynamic-text\">\n\t\t\t\tHOCHZEITEN\t\t\t<\/span>\n\t\t\t\t\t<span class=\"elementor-headline-dynamic-text\">\n\t\t\t\tFIRMENFEIERN\t\t\t<\/span>\n\t\t\t\t\t<span class=\"elementor-headline-dynamic-text\">\n\t\t\t\tEVENTS\t\t\t<\/span>\n\t\t\t\t\t<span class=\"elementor-headline-dynamic-text\">\n\t\t\t\tGEBURTSTAGE\t\t\t<\/span>\n\t\t\t\t\t<span class=\"elementor-headline-dynamic-text\">\n\t\t\t\tHOCHZEITEN\t\t\t<\/span>\n\t\t\t\t\t<span class=\"elementor-headline-dynamic-text\">\n\t\t\t\tFIRMENFEIERN\t\t\t<\/span>\n\t\t\t\t\t<span class=\"elementor-headline-dynamic-text\">\n\t\t\t\tEVENTS\t\t\t<\/span>\n\t\t\t\t\t\t<\/span>\n\t\t\t\t<\/h3>\n\t\t\t\t\t\t<\/div>\n\t\t\t\t<\/div>\n\t\t\t\t<div class=\"elementor-element elementor-element-c0a8738 elementor-widget elementor-widget-text-editor\" data-id=\"c0a8738\" data-element_type=\"widget\" data-widget_type=\"text-editor.default\">\n\t\t\t\t<div class=\"elementor-widget-container\">\n\t\t\t\t\t\t\t\t\t<p>Warmes Buffet, kaltes Buffet und eine individuelle Beratung und Planung sind die Grundlage f\u00fcr eine erfolgreiche Veranstaltung. Wir vom Sai Thai m\u00f6chten f\u00fcr jeden Gast ganz individuell die passende Veranstaltung planen, organisieren und ausf\u00fchren. Wir bieten Ihnen alles, was Sie f\u00fcr Ihre Feier im kleinen Rahmen bis hin zum gro\u00dfen Saal, brauchen.<\/p><p>Lassen Sie uns \u00fcber Ihre Ideen sprechen.\u00a0Gerne k\u00f6nnen wir Ihnen dann auch ein passendes Angebot f\u00fcr Ihre Veranstaltung unterbreiten.<\/p>\t\t\t\t\t\t\t\t<\/div>\n\t\t\t\t<\/div>\n\t\t\t\t\t<\/div>\n\t\t<\/div>\n\t\t\t\t<div class=\"elementor-column elementor-col-50 elementor-inner-column elementor-element elementor-element-b220f57\" data-id=\"b220f57\" data-element_type=\"column\">\n\t\t\t<div class=\"elementor-widget-wrap elementor-element-populated\">\n\t\t\t\t\t\t<div class=\"elementor-element elementor-element-cacf93d elementor-widget elementor-widget-image\" data-id=\"cacf93d\" data-element_type=\"widget\" data-widget_type=\"image.default\">\n\t\t\t\t<div class=\"elementor-widget-container\">\n\t\t\t\t\t\t\t\t\t\t\t\t\t\t\t<img fetchpriority=\"high\" decoding=\"async\" width=\"800\" height=\"534\" src=\"https:\/\/sai-thai.de\/wp-content\/uploads\/2020\/08\/Sai-Thai-72-von-1-1024x683.jpg\" class=\"attachment-large size-large wp-image-688\" alt=\"\" srcset=\"https:\/\/sai-thai.de\/wp-content\/uploads\/2020\/08\/Sai-Thai-72-von-1-1024x683.jpg 1024w, https:\/\/sai-thai.de\/wp-content\/uploads\/2020\/08\/Sai-Thai-72-von-1-300x200.jpg 300w, https:\/\/sai-thai.de\/wp-content\/uploads\/2020\/08\/Sai-Thai-72-von-1-768x512.jpg 768w, https:\/\/sai-thai.de\/wp-content\/uploads\/2020\/08\/Sai-Thai-72-von-1-1536x1024.jpg 1536w, https:\/\/sai-thai.de\/wp-content\/uploads\/2020\/08\/Sai-Thai-72-von-1-2048x1365.jpg 2048w\" sizes=\"(max-width: 800px) 100vw, 800px\" \/>\t\t\t\t\t\t\t\t\t\t\t\t\t\t\t<\/div>\n\t\t\t\t<\/div>\n\t\t\t\t\t<\/div>\n\t\t<\/div>\n\t\t\t\t\t<\/div>\n\t\t<\/section>\n\t\t\t\t\t<\/div>\n\t\t<\/div>\n\t\t\t\t\t<\/div>\n\t\t<\/section>\n\t\t\t\t<\/div>\n\t\t","protected":false},"excerpt":{"rendered":"<p>EVENTCATERINGF\u00dcR GEBURTSTAGE HOCHZEITEN FIRMENFEIERN EVENTS GEBURTSTAGE HOCHZEITEN FIRMENFEIERN EVENTS GEBURTSTAGE HOCHZEITEN FIRMENFEIERN EVENTS GEBURTSTAGE HOCHZEITEN FIRMENFEIERN EVENTS GEBURTSTAGE HOCHZEITEN FIRMENFEIERN EVENTS Warmes Buffet, kaltes Buffet und eine individuelle Beratung und Planung sind die Grundlage f\u00fcr eine erfolgreiche Veranstaltung. Wir vom Sai Thai m\u00f6chten f\u00fcr jeden Gast ganz individuell die passende Veranstaltung planen, organisieren und ausf\u00fchren. [&hellip;]<\/p>\n","protected":false},"author":1,"featured_media":0,"parent":2183,"menu_order":0,"comment_status":"closed","ping_status":"closed","template":"elementor_header_footer","meta":{"footnotes":""},"class_list":["post-1201","page","type-page","status-publish","hentry"],"_links":{"self":[{"href":"https:\/\/sai-thai.de\/index.php?rest_route=\/wp\/v2\/pages\/1201","targetHints":{"allow":["GET"]}}],"collection":[{"href":"https:\/\/sai-thai.de\/index.php?rest_route=\/wp\/v2\/pages"}],"about":[{"href":"https:\/\/sai-thai.de\/index.php?rest_route=\/wp\/v2\/types\/page"}],"author":[{"embeddable":true,"href":"https:\/\/sai-thai.de\/index.php?rest_route=\/wp\/v2\/users\/1"}],"replies":[{"embeddable":true,"href":"https:\/\/sai-thai.de\/index.php?rest_route=%2Fwp%2Fv2%2Fcomments&post=1201"}],"version-history":[{"count":55,"href":"https:\/\/sai-thai.de\/index.php?rest_route=\/wp\/v2\/pages\/1201\/revisions"}],"predecessor-version":[{"id":1442,"href":"https:\/\/sai-thai.de\/index.php?rest_route=\/wp\/v2\/pages\/1201\/revisions\/1442"}],"up":[{"embeddable":true,"href":"https:\/\/sai-thai.de\/index.php?rest_route=\/wp\/v2\/pages\/2183"}],"wp:attachment":[{"href":"https:\/\/sai-thai.de\/index.php?rest_route=%2Fwp%2Fv2%2Fmedia&parent=1201"}],"curies":[{"name":"wp","href":"https:\/\/api.w.org\/{rel}","templated":true}]}}